 12, what is 72 - -1?
73
In base 11, what is 312 - -15?
327
In base 10, what is -265 + 0?
-265
In base 3, what is -10122112 + 0?
-10122112
In base 16, what is 0 + -909?
-909
In base 15, what is c - -13?
20
In base 13, what is 0 - -2b8?
2b8
In base 10, what is 5 - -51?
56
In base 14, what is a + -5b?
-51
In base 15, what is -2 - -50?
4d
In base 6, what is 0 - -112?
112
In base 5, what is -2214 + 2?
-2212
In base 8, what is -6 + -106?
-114
In base 9, what is 175 + -3?
172
In base 5, what is 11041 - -2?
11043
In base 3, what is -2 - 21202?
-21211
In base 16, what is 2dd - -6?
2e3
In base 7, what is 65 + -5?
60
In base 3, what is -211 - 112?
-1100
In base 15, what is -5 - -86a?
865
In base 12, what is -2b - -105?
96
In base 7, what is -112 - 2?
-114
In base 15, what is -3 + 3a6?
3a3
In base 9, what is -8 - 114?
-123
In base 2, what is -1101 - 1100010?
-1101111
In base 11, what is -1 - -12?
11
In base 15, what is -9 + 379?
370
In base 4, what is -3 + -10321?
-10330
In base 9, what is 13 - 0?
13
In base 6, what is 3 - -434?
441
In base 8, what is 2 + 11?
13
In base 14, what is 1 + -2c0?
-2bd
In base 10, what is -2408 + 0?
-2408
In base 16, what is -17b5 + 5?
-17b0
In base 13, what is -28 + 9?
-1c
In base 2, what is 110110111110 + -100?
110110111010
In base 15, what is -69 + -11?
-7a
In base 5, what is -101 - 444?
-1100
In base 2, what is 10 - 101101100?
-101101010
In base 2, what is 111001 - -100?
111101
In base 4, what is -10 - -2103?
2033
In base 8, what is 230 + 3?
233
In base 4, what is 2122 + -20?
2102
In base 4, what is -23 + -13030?
-13113
In base 10, what is 5 + 32?
37
In base 14, what is 62 - 5?
5b
In base 2, what is -1 + 1000001?
1000000
In base 9, what is 4 - 5742?
-5737
In base 12, what is 56 + 4?
5a
In base 12, what is 8 - -ab9?
b05
In base 16, what is c8 + -c0?
8
In base 12, what is -61 + -10?
-71
In base 2, what is 101000000 - -11?
101000011
In base 11, what is 258 - -23?
280
In base 5, what is 1 - 1012?
-1011
In base 4, what is 132 + -23?
103
In base 6, what is 502 + 101?
1003
In base 12, what is -30b + 0?
-30b
In base 16, what is 10 - -6a?
7a
In base 9, what is 2 + 21?
23
In base 15, what is 4 - 779?
-775
In base 2, what is 100000 + -1001?
10111
In base 14, what is 18 - -1?
19
In base 12, what is 26 - 0?
26
In base 13, what is -127 + 2?
-125
In base 9, what is 2128 + 1?
2130
In base 8, what is 226 + 5?
233
In base 14, what is -5 - b4?
-b9
In base 14, what is 1 + -9?
-8
In base 13, what is -c3 + -6?
-c9
In base 5, what is 10 - -33242?
33302
In base 16, what is -59 + -9?
-62
In base 14, what is -43 + -49?
-8c
In base 7, what is 5 - 50?
-42
In base 2, what is -1 - -111111100?
111111011
In base 9, what is 5 + -820?
-814
In base 5, what is 400 - -4?
404
In base 4, what is 12 + 33332?
100010
In base 5, what is 12010 + 4?
12014
In base 16, what is -19 - 1?
-1a
In base 3, what is -2 + -1001101?
-1001110
In base 5, what is 2402 + -32?
2320
In base 9, what is 8 - 1?
7
In base 8, what is 5 + -2526?
-2521
In base 4, what is 1 + 10000?
10001
In base 11, what is 4 + 2029?
2032
In base 7, what is 20 + 3?
23
In base 14, what is -21 - -1a?
-5
In base 8, what is 2610 + 0?
2610
In base 10, what is 8 - 62?
-54
In base 15, what is -7c + -15?
-92
In base 15, what is -7c - -2?
-7a
In base 12, what is 11a - 2?
118
In base 12, what is -3 + -741?
-744
In base 8, what is -6 + 246?
240
In base 6, what is -2114 - -14?
-2100
In base 9, what is 617 - 0?
617
In base 16, what is -60 + c?
-54
In base 2, what is 1000 + 1010?
10010
In base 5, what is -10 + 141?
131
In base 8, what is 73 - -275?
370
In base 12, what is 3 + 19?
20
In base 9, what is -383 - -8?
-374
In base 9, what is 2414 - 4?
2410
In base 13, what is -bc - 19?
-108
In base 10, what is -21 - 8?
-29
In base 12, what is 0 - -85?
85
In base 7, what is 3 - 4?
-1
In base 14, what is -3 - -46?
43
In base 15, what is 1 - -11?
12
In base 10, what is -157 + 15?
-142
In base 14, what is -9c + 0?
-9c
In base 15, what is e - -b5?
c4
In base 9, what is -188 - 0?
-188
In base 8, what is 2 - 0?
2
In base 4, what is -10 + -31012?
-31022
In base 4, what is 112 + -112?
0
In base 13, what is b2 + -5?
aa
In base 12, what is 14 + -a4?
-90
In base 2, what is -10001 + -101?
-10110
In base 9, what is 1867 + 1?
1868
In base 14, what is 4628 + -4?
4624
In base 3, what is 111121 + -1?
111120
In base 9, what is -2 - 84?
-86
In base 5, what is -1 - -14032?
14031
In base 6, what is -2044 - 3?
-2051
In base 4, what is 10 - 330?
-320
In base 10, what is -11 - 80?
-91
In base 4, what is 11 - -1023?
1100
In base 13, what is -23b - 0?
-23b
In base 9, what is 0 + 60?
60
In base 3, what is 10101 + -11?
10020
In base 4, what is -301 + -200?
-1101
In base 5, what is 301 - -2?
303
In base 7, what is 1 + -1211?
-1210
In base 5, what is 31 + -420?
-334
In base 16, what is 221 + 1?
222
In base 13, what is -2361 - 4?
-2365
In base 3, what is -21122 + 12?
-21110
In base 14, what is 508 - -4?
50c
In base 2, what is 111001100 - -10?
111001110
In base 2, what is -101001 - 11010?
-1000011
In base 13, what is -4 + -ab?
-b2
In base 7, what is 0 - 163?
-163
In base 12, what is 2 + 5?
7
In base 12, what is 4672 - 0?
4672
In base 16, what is 5 + -8f5?
-8f0
In base 14, what is 3 + -320?
-31b
In base 16, what is 4 - fd?
-f9
In base 9, what is 17 - 48?
-31
In base 9, what is 24 + 1556?
1581
In base 5, what is 13 + 13434?
14002
In base 7, what is -5 - 1012?
-1020
In base 4, what is -2202203 + 10?
-2202133
In base 2, what is -1001110 - -1000?
-1000110
In base 14, what is -1 - 38?
-39
In base 3, what is -10 + 211222?
211212
In base 16, what is -9d - -1c?
-81
In base 8, what is 553 + 11?
564
In base 12, what is -529 - -13?
-516
In base 6, what is -24 + -2015?
-2043
In base 4, what is 0 - -32?
32
In base 12, what is 68 + 5?
71
In base 10, what is -143 + -38?
-181
In base 15, what is 17 - 1a?
-3
In base 4, what is -1020 - -3?
-1011
In base 8, what is -1641 + 1?
-1640
In base 16, what is 2e + 4?
32
In base 6, what is -4 + 2203?
2155
In base 12, what is -5 + 282?
279
In base 5, what is 402 - 0?
402
In base 7, what is -1236 - -5?
-1231
In base 5, what is 423 - -10?
433
In base 6, what is 121 + 102?
223
In base 15, what is 3 + 19?
1c
In base 13, what is 3c56 + -1?
3c55
In base 5, what is 43 + 342?
440
In base 10, what is 0 - -50?
50
In base 16, what is -b + a?
-1
In base 4, what is -323 - -212?
-111
In base 10, what is -1 - 3659?
-3660
In base 14, what is -9 - -5?
-4
In base 10, what is -51 + 5?
-46
In base 13, what is 11b + 4?
122
In base 11, what is -51 + 0?
-51
In base 5, what is 4041 - 4?
4032
In base 14, what is -1 + 523?
522
In base 5, what is -1 - -402?
401
In base 9, what is 17 - -5?
23
In base 5, what is -3421 - 4?
-3430
In base 12, what is 4 + -24bb?
-24b7
In base 13, what is 0 - -46?
46
In base 11, what is 0 - 1a4?
-1a4
In base 5, what is 343 + -24?
314
In base 3, what is 21110 - -11121?
110001
In base 14, what is -3 - -4a5?
4a2
In base 11, what is -104 + -22a?
-333
In base 14, what is a7b - -4?
a81
In base 9, what is 534 - -11?
545
In base 16, what is -3 - -2c?
29
In base 4, what is -3 + -3010?
-3013
In base 11, what is a52 + 3?
a55
In base 14, what is -c9 + -3?
-cc
In base 2, what is -1010 - 10110?
-100000
In base 4, what is 1012330 - 11?
1012313
In base 13, what is -1 + 3678?
3677
In base 11, what is 38 - 76?
-39
In base 14, what is -12 + b9?
a7
In base 11, what is 122 - 3?
11a
In base 12, what is -a75 - 3?
-a78
In base 7, what is -15 - 34?
-52
In base 15, what is 0 + -111?
-111
In base 12, what is a - -5?
13
In base 8, what is 53 + -76?
-23
In base 8, what is 13 - -26?
41
In base 6, what is -231 - 0?
-231
In base 3, what is -2 - 1200210?
-1200212
In base 6, what is 423 + -14?
405
In base 13, what is 1c - 4?
18
In base 2, what is 1111011 - 1?
1111010
In base 5, what is 2 - 11?
-4
In base 9, what is -1177 + -12?
-1200
In base 14, what is -b36 + -4?
-b3a
In base 4, what is -10 + -100?
-110
In base 16, what is c - 1a?
-e
In base 8, what is 1 + 12463?
12464
In base 16, what is -1b - 1b?
-36
In base 9, what is -21168 + 0?
-21168
In base 5, what is -322 - 0?
-322
In base 16, what is 3d - -56?
93
In base 9, what is 470 - -5?
475
In base 13, what is -8 + -90?
-98
In base 3, what is -1121211 - -21?
-1121120
In base 5, what is 12 - 100?
-33
In base 2, what is 